Give g(659).
13
Let p(y) = -78271*y - 87. What is p(0)?
-87
Let u(x) = -10288*x + 287997. Determine u(28).
-67
Let j(k) = 86*k + 2599. Determine j(-35).
-411
Let s(i) = 522*i**2 - 17739*i - 94. What is s(34)?
212
Let u(l) = -l**2 + 729*l - 129796. Calculate u(297).
-1492
Let z(o) = 32*o**2 + 2928*o - 5975. Determine z(2).
9
Let r(t) = t**3 + 9*t**2 - 11851*t - 199162. Give r(-17).
-7
Let x(f) = 8227*f - 7850. Give x(1).
377
Let h(i) = -i**3 - 12*i**2 + 89*i + 49. Determine h(-18).
391
Let l(o) = -2*o**2 + 112*o + 746. Determine l(62).
2
Let d(s) = -95*s**2 - 54*s + 111. What is d(2)?
-377
Let m(y) = -1715*y**2 + 8590*y - 70. Give m(5).
5
Let w(o) = -2459*o - 968840. Determine w(-394).
6
Let g(n) = 15*n**3 + 76*n**2 - 196*n - 927. Give g(-5).
78
Let u(z) = -17*z**2 - 3949*z - 1179. What is u(-232)?
-19
Let i(s) = -s**3 + 82*s**2 - 6*s - 449. Give i(82).
-941
Let r(s) = 3*s**3 + 105*s**2 - 1691*s - 293. What is r(-47)?
-340
Let c(u) = -u**3 + 26*u**2 + 1344*u + 3433. What is c(-24)?
-23
Let z(k) = -k**2 + 129*k - 2465. Give z(27).
289
Let h(z) = -6846*z + 260173. Give h(38).
25
Let f(w) = 4*w**3 + 20*w**2 - 3*w + 44. What is f(-6)?
-82
Let d(a) = 65*a - 18286. Determine d(282).
44
Let b(a) = -29*a**2 - 2625*a - 18402. Calculate b(-7).
-1448
Let k(s) = -s**3 - 122*s**2 + s - 35. What is k(0)?
-35
Let c(d) = -10*d**3 + 58*d**2 - 125*d + 820. Give c(6).
-2
Let n(p) = -2*p**3 + 110*p**2 - 1447*p - 48. Give n(30).
1542
Let z(a) = -1123*a**2 + 5531*a + 359. What is z(5)?
-61
Let d(q) = 31*q**2 - 454*q - 129. Determine d(0).
-129
Let k(z) = -z**2 - 10821*z - 1674293. Give k(-157).
-45
Let w(q) = -q**3 - 52*q**2 - 341*q + 571. What is w(-44)?
87
Let k(m) = -m**3 - 61*m**2 - 102*m + 259. Calculate k(-59).
-685
Let d(s) = -2*s**3 + 304*s**2 + 9681*s - 580. Calculate d(179).
2105
Let w(v) = -v**2 + 3285*v - 190346. Determine w(59).
-12
Let k(v) = 4*v**2 - 727*v + 3938. What is k(176)?
-110
Let z(i) = 2*i**2 + i - 966. Give z(-27).
465
Let m(x) = -x**3 + 16*x**2 - 43*x + 240. Give m(14).
30
Let j(q) = 2*q**2 + 6671*q + 4802040. Determine j(-1051).
21
Let n(f) = -297*f**2 + 3266*f - 18. Determine n(11).
-29
Let w(u) = -28*u**2 - 597*u - 1439. Calculate w(-18).
235
Let g(m) = 1110*m - 202030. Give g(182).
-10
Let c(d) = 20*d**3 - 9*d**2 - 28*d - 52. Give c(2).
16
Let o(j) = -1240*j - 8642. What is o(-7)?
38
Let i(p) = 240276*p + 240288. Give i(-1).
12
Let c(i) = -3451*i - 296797. Calculate c(-86).
-11
Let k(w) = 1616*w**3 - 33935*w**2 - 43*w - 90. Determine k(21).
-552
Let y(c) = c**2 - 182*c + 764. Give y(4).
52
Let r(i) = -476*i + 414590. Determine r(871).
-6
Let m(z) = z**3 + 4*z**2 + 23755*z - 142842. Calculate m(6).
48
Let s(t) = -87*t**2 - 172*t. Give s(4).
-2080
Let v(p) = 331*p + 58590. Give v(-177).
3
Let c(b) = 3*b**2 + 1681*b + 232654. Determine c(-311).
26
Let j(h) = 19*h**2 + 17*h + 123. Give j(-7).
935
Let s(q) = -8*q**2 - 30*q + 18670. Calculate s(46).
362
Let c(d) = 3*d**2 - 1335*d + 20594. Give c(16).
2
Let a(z) = -z**2 - 66586*z - 732335. Determine a(-11).
-10
Let i(a) = -407*a**2 - 104*a - 6. Determine i(-2).
-1426
Let i(d) = -4*d**2 + 759*d + 3802. What is i(195)?
-293
Let i(x) = 741*x**2 - 2253*x - 5. Determine i(3).
-95
Let r(h) = -5*h**3 - 24*h**2 - 145*h + 219. Give r(-11).
5565
Let f(d) = -374*d**2 + 14214*d + 238. What is f(38)?
314
Let d(q) = 3*q**2 + 149*q + 547. What is d(-45)?
-83
Let q(m) = -2357*m + 52391. What is q(22)?
537
Let t(s) = -19*s**2 - 578*s + 214. Give t(-32).
-746
Let v(u) = -2*u**2 + 184*u + 1295. Give v(99).
-91
Let f(r) = -r**3 + 5*r**2 - 58*r + 5. What is f(9)?
-841
Let c(r) = -r**3 + 14*r**2 + 25727*r - 436500. Calculate c(17).
-8
Let n(l) = 11*l**2 + 191*l + 2001. Calculate n(-10).
1191
Let h(y) = -1250*y + 4053. What is h(4)?
-947
Let t(g) = -100008*g - 4400352. What is t(-44)?
0
Let q(n) = 1104*n + 4043. What is q(-6)?
-2581
Let d(l) = -18*l**2 - 365*l + 134844. Calculate d(77).
17
Let v(d) = 6*d**2 + 41*d - 74. Give v(-19).
1313
Let l(m) = -33*m**3 + 212*m**2 + 68*m - 917. Give l(6).
-5
Let p(h) = 7*h**3 + 525*h**2 - 8005*h + 269. Determine p(-88).
5
Let b(a) = 48*a**3 - 194*a**2 + 22*a - 33. Determine b(4).
23
Let z(l) = 3*l**3 + 38*l**2 + 71*l - 82. Calculate z(-10).
8
Let i(t) = 2*t**3 - 1645*t**2 - 44129*t - 184. What is i(-26)?
-2
Let d(f) = 7219*f + 1335571. Determine d(-185).
56
Let l(h) = 2*h**3 - 304*h**2 - 4646*h + 18. Determine l(-14).
-10
Let c(y) = -13*y**2 - 171*y + 1041. Calculate c(-19).
-403
Let b(i) = i**2 + 1322*i - 26776. What is b(20)?
64
Let u(s) = -s**2 - 3066*s + 1017064. Determine u(302).
-72
Let k(l) = 9*l**3 + 140*l**2 + 83*l + 14. What is k(-15)?
-106
Let p(f) = 23*f**2 + 4166*f + 556. Determine p(-181).
13
Let i(b) = -8804*b - 61666. What is i(-7)?
-38
Let p(w) = -w**2 - 49*w - 250. Give p(-16).
278
Let j(f) = -f**3 + 72*f**2 - 726*f - 8. Calculate j(9).
-1439
Let f(m) = -9815*m + 59006. Calculate f(6).
116
Let y(w) = 5881*w - 558672. What is y(95)?
23
Let x(l) = -929*l - 94948. Give x(-103).
739
Let d(y) = y**3 + 86*y**2 + 633*y + 69. Calculate d(-8).
-3
Let t(p) = 412*p**2 - 2998*p - 2383. Give t(8).
1
Let z(b) = -111*b**2 + 458*b + 2375. What is z(-3)?
2
Let h(m) = 6*m**3 + 103*m**2 - 77*m + 11. Calculate h(-18).
-223
Let s(r) = -17*r**2 - 468*r - 1644. Give s(-22).
424
Let x(a) = -a**3 + 51*a**2 + 538*a + 120. Give x(60).
0
Let j(p) = -284*p + 1572. Calculate j(4).
436
Let c(a) = 14337*a + 57321. Give c(-4).
-27
Let s(a) = -138*a + 68673. Calculate s(498).
-51
Let w(t) = -1760*t - 5326. Give w(-3).
-46
Let o(i) = -i**3 - 237*i**2 + 5402*i - 4112. What is o(-258)?
16
Let h(r) = -1927*r - 184944. Calculate h(-96).
48
Let l(g) = -62*g**2 - 175*g - 638. Give l(-3).
-671
Let f(x) = 2*x**2 - 14889*x + 341424. Calculate f(23).
35
Let c(k) = -2*k**3 + 10*k**2 + 339384*k - 2375499. Calculate c(7).
-7
Let f(j) = 4157*j**2 - 82913*j - 4542. What is f(20)?
-2
Let s(c) = -8881*c - 1278868. Determine s(-144).
-4
Let s(t) = 2270*t + 40889. Determine s(-18).
29
Let j(h) = -19660*h - 39624. Calculate j(-2).
-304
Let m(q) = 2077*q + 328166. What is m(-158)?
0
Let r(u) = u**3 + 19*u**2 - 1050*u - 475. Calculate r(-43).
299
Let u(t) = 11*t**2 + 4090*t - 4840. Give u(-373).
9
Let t(f) = 5*f**2 + 124*f + 659. Determine t(-6).
95
Let s(m) = 2*m**3 + 341*m**2 + 170*m + 1078. Determine s(-170).
1078
Let g(o) = -234003*o - 75816977. What is g(-324)?
-5
Let b(q) = -2*q**3 + 576*q**2 - 2289*q + 4762. What is b(284)?
-66
Let s(q) = -572941*q + 2291778. Give s(4).
14
Let g(d) = d**3 - 808*d**2 - 3248*d + 5. Calculate g(812).
5
Let m(u) = 19038*u + 9994954. Give m(-525).
4
Let z(n) = 4*n**3 + 48*n**2 + 133*n + 14. Determine z(-4).
-6
Let v(c) = -7*c**2 - 1380*c + 22649. Calculate v(15).
374
Let n(h) = 32*h**2 - 1540*h - 4687. What is n(51)?
5
Let y(o) = 62*o**2 + 2110*o + 10545. Calculate y(-5).
1545
Let f(h) = 5*h**3 - 79*h**2 - 35*h + 271. Determine f(16).
-33
Let a(p) = -p**3 - 176*p**2 - 10355*p - 1278345. Determine a(-161).
-5
Let c(i) = -4*i**3 + 49*i**2 - 129*i + 24. Determine c(3).
-30
Let w(r) = -r**2 - 51883*r - 518752. Determine w(-10).
-22
Let q(r) = -15*r**3 - 7*r**2 - 580*r - 589. Determine q(-1).
-1
Let g(b) = -2*b**3 - 43*b**2 - 33*b - 891. Give g(-23).
1455
Let s(p) = p**3 - 7*p**2 - 1300*p + 3429. Determine s(-34).
233
Let s(g) = 358996*g - 3230951. Give s(9).
13
Let v(y) = -10*y**2 - 54*y - 43. Give v(-8).
-251
Let n(i) = -1373*i**2 + 17764*i + 1108. Determine n(13).
3
Let m(f) = -2*f**3 + 121*f**2 + 671*f + 25. Calculate m(-5).
-55
Let i(d) = d**2 + 66*d - 52730. Calculate i(-264).
-458
Let o(a) = -4010*a + 23979. Calculate o(6).
-81
Let y(m) = -m**2 + 182*m + 76402. Give y(382).
2
Let p(l) = 81*l + 18330. What is p(-211)?
1239
Let j(s) = -4*s**3 - 249*s**2 + 408*s + 29144. What is j(-62)?
4
Let s(d) = -35*d**2 - 772*d - 4261. Calculate s(-11).
-4
Let v(t) = t**3 + 59*t**2 + 782*t - 1649. Determine v(-36).
7
Let v(r) = 1470*r + 105875. Give v(-72).
35
Let b(l) = -132*l**2 - 366*l - 352. Determine b(-1).
-118
Let n(u) = 692*u - 8180. What is n(12)?
124
Let v(d) = -37*d**3 + 6*d**2 - 2*d - 1. Determine v(-1).
44
Let t(s) = -9*s**2 - 711*s + 18802. Give t(21).
-98
Let c(l) = 3746690*l - 3746691. Determine c(1).
-1
Let w(f) = -f**2 + 485*f + 27491. Determine w(-50).
741
Let q(t) = t*